-3)/9. Suppose 2*w - 3*m - 133 = 0, f = 2*w + w + 2*m - 206. Calculate the highest common divisor of v and w.
17
Let l = -2 + 4. Suppose -l*d - 1 = -35. Calculate the greatest common factor of 153 and d.
17
Let c = -51 - -135. What is the highest common factor of c and 56?
28
Let d(y) = 5*y - 6. Let n be d(6). What is the greatest common divisor of n and 36?
12
Suppose 5*w - 5*p - 65 = 0, -2*p - 54 = -5*w + 11. Let k be (-10)/(-15) - 34/(-3). Let m be ((-29)/(-3) - 1)*k. Calculate the highest common factor of m and w.
13
Suppose 0 = 5*h - 110 + 40. What is the highest common divisor of h and 98?
14
Let q be 12*1/(6/3). Suppose -2*g + q = -g. Let y be g*-1*5/(-2). What is the greatest common divisor of y and 75?
15
Let w(n) = 109*n + 3. Let u be w(1). What is the highest common divisor of 14 and u?
14
Let g = 878 + -518. What is the greatest common factor of g and 40?
40
Let o = -5 - -8. Suppose -5*u + 0*j - 2*j + 53 = 0, -o*j = -3*u + 15. What is the greatest common factor of u and 45?
9
Suppose 0 = 5*v - 140 - 100. Let g be (-16)/(-6)*(-189)/(-12). Let c = -10 + g. Calculate the greatest common factor of v and c.
16
Suppose 0*q + 5*q + 15 = u, 4*q = -3*u + 7. Suppose 2*d = y - 0*d - 2, u*d + 30 = 5*y. Suppose a + 75 = 6*a. Calculate the highest common divisor of a and y.
5
Suppose -f - 2*h + 7 = 0, 2*f + 2*h = -f + 9. What is the highest common divisor of 9 and f?
1
Let f = -4 - -4. Suppose -3*a + 243 + 114 = f. Let m be (0 + -2)/1 + 19. What is the highest common factor of a and m?
17
Suppose 0*w - 4*w + 400 = 0. What is the greatest common factor of 40 and w?
20
Suppose -4*c = -y - 20, -3*c + c = 2*y. Let n = -2 + 3. Let t be 0 + (n - -2) + -2. Calculate the greatest common factor of t and c.
1
Let o be 1 - -1 - (5 + -36). What is the highest common factor of 33 and o?
33
Let v be 8/6*(-18)/(-4). Suppose -5*n - 40 = -0*n. Let i(w) = w**3 + 7*w**2 - 10*w + 2. Let y be i(n). What is the greatest common divisor of y and v?
6
Let p(d) = -d**3 - 16*d**2 + 5. Let n be p(-16). Calculate the highest common divisor of 5 and n.
5
Let h = -7 + 11. Suppose -v = 3*b - 17 - 40, -b = h*v - 30. What is the highest common factor of b and 144?
18
Let i = 47 - 39. What is the highest common factor of i and 72?
8
Let k(b) = b**2 + 3*b - 4. Let v be k(-5). Calculate the highest common divisor of v and 48.
6
Let a be (1*8/(-2))/2. Let l be 1 + -2 + a + 13. Calculate the greatest common divisor of l and 50.
10
Let f be 56/6 + 2/3. Let u(i) = 2*i**2 - 4*i + 3. Let l be u(3). Let x be 154/f + l/15. What is the greatest common factor of x and 32?
16
Suppose a - 26 = -0*a - t, a - 38 = 5*t. Let z = 10 - 3. Calculate the greatest common factor of a and z.
7
Suppose -10 - 44 = 3*y. Let z = y + 20. Calculate the highest common divisor of 22 and z.
2
Let f be -17*(-8 + (3 - -2)). Let q(a) = a**3 + a + 34. Let z be q(0). Calculate the highest common divisor of f and z.
17
Suppose -12*x = -6*x - 204. What is the highest common divisor of 374 and x?
34
Suppose q + 3*q - 140 = 0. What is the highest common divisor of q and 5?
5
Let i(y) = 3*y + 3. Let s be i(-4). Let k = s + 14. Let q = 0 + 1. What is the highest common factor of q and k?
1
Suppose 748 = 2*x - 4*w, x - 2*w = 2*w + 364. What is the highest common factor of x and 48?
48
Suppose 0 = -3*k + 5*b - 15, 21 = -2*k - k + 3*b. Let g = k + 19. Suppose p - 4*p + g = 0, 209 = 4*v - 5*p. What is the greatest common factor of v and 14?
14
Let z = 43 - 30. Calculate the greatest common divisor of 208 and z.
13
Let s = 71 - 54. Suppose -85 = -h - 3*k, -5*k + 47 = h - 38. What is the highest common factor of s and h?
17
Let v be 2/(-3) + 119/21. Suppose 4*t - t = v*d + 10, 0 = 2*t + 3*d - 13. What is the greatest common factor of 20 and t?
5
Suppose l + l - 23 = -3*o, -2*l - o + 21 = 0. Calculate the greatest common factor of 40 and l.
10
Let i = -4 - -2. Let l be 6/i*3/(-3). What is the highest common factor of l and 15?
3
Suppose 2*n - 48 = -2*n. Let w(u) = 3*u**3 - 4*u**3 + 6 - 8*u - u + 0*u**3 + 10*u**2. Let q be w(9). What is the highest common factor of q and n?
6
Let w = -68 + 95. Let u = w + -15. Let r = 222 - 126. Calculate the highest common factor of r and u.
12
Suppose 2*l + 6957 = 3*s - 7263, -2*s = -2*l - 9480. Let n be 4/(-26) + s/52. Calculate the greatest common factor of 13 and n.
13
Let u be (-20)/7*(-28)/8. Suppose 0 = 5*v - 35 - u. What is the greatest common divisor of v and 6?
3
Let p be (5/3)/((-5)/(-6)). What is the highest common divisor of p and 18?
2
Let l(m) = m**2 - 3*m - 4. Let g be l(3). Let f be (-6)/g*28/21. Suppose -47 = -r - 2*n, f*n + 2*n + 236 = 4*r. What is the greatest common divisor of 22 and r?
11
Let y(l) = 19*l**2 - 13*l - 4. Let a(w) = -13*w**2 + 9*w + 3. Let k(i) = 7*a(i) + 5*y(i). Let j be k(1). Calculate the highest common factor of j and 1.
1
Let m(f) = -f**2 - 8*f + 5. Let d be m(-4). Suppose 3*z - 456 = 237. Calculate the highest common divisor of d and z.
21
Let w(i) = 4*i + 4. Let o be w(4). Let p = o - -10. What is the greatest common factor of p and 10?
10
Let h(l) = 2*l + 42. Let o be h(-12). What is the highest common divisor of 2 and o?
2
Suppose -16 = -s - 3*s. Suppose 0 = -s*u + 7*u - 33. Calculate the highest common divisor of 77 and u.
11
Suppose -7*d = -13*d + 510. Calculate the greatest common factor of 34 and d.
17
Let p(b) = 4*b + 56. Let w be p(-13). What is the greatest common factor of w and 2?
2
Let s be 2/5 + (-384)/10. Let z = s - -62. Calculate the greatest common factor of 6 and z.
6
Let g(x) = x - 2*x**3 - 4 + 3*x**3 - 3 + 6*x**2. Let p be (-6)/9*3 + -3. Let w be g(p). What is the highest common divisor of 104 and w?
13
Suppose -5*c = 5*c - 250. Calculate the highest common factor of c and 25.
25
Suppose 0 = 3*z + 3*l - 24, 0 = 5*l - 25 - 0. Suppose -z*q = 2*q - 100. What is the highest common divisor of 20 and q?
20
Let y be -1 + 0 + 0 - -91. Suppose -3*w + 24 = -6. What is the highest common divisor of w and y?
10
Let i be -2 - 5*(-2)/2. Suppose -2*l - i*x - 1 = -26, -x = -2*l + 5. What is the greatest common factor of l and 45?
5
Let m be (5 - 6)/(2/10). Let n = m - -13. What is the highest common divisor of n and 1?
1
Let c = 81 - 73. Let g be 10*2/(3 + 1). Suppose 9 = g*v - 31. What is the highest common divisor of c and v?
8
Let j = 46 + -76. Let u = j - -15. Let g = u + 27. Calculate the greatest common divisor of 3 and g.
3
Suppose 8 = -0*n + 2*n. Suppose 0*g - 3*g + 2*q = -80, -g + 2*q + 24 = 0. What is the highest common factor of g and n?
4
Let m(n) = -36*n - 1 + 2 - 5 + 3. Let c be m(-1). Calculate the highest common factor of c and 5.
5
Suppose -3*o + 5*o - 2*w - 284 = 0, -5*w - 416 = -3*o. What is the greatest common factor of o and 21?
21
Let g = -91 + 176. Let n be 38 + 5/((-20)/16). Calculate the highest common factor of g and n.
17
Suppose v + 140 = 5*v. Suppose 5*n - 3*a + 0 = 25, 0 = -3*n - 4*a + 15. What is the highest common divisor of v and n?
5
Let m be (-4)/6 + 88/(-12). Let c be (-5 - 1)/(12/m). Let v = 2 - -10. What is the greatest common divisor of v and c?
4
Let q be 251/7 + (-5)/(-35). Let d be (-8)/(-10)*(15 + 0). What is the greatest common divisor of d and q?
12
Let q = 12 - 3. Let m(i) be the first derivative of -i**3/3 + 6*i**2 - 9*i + 1. Let x be m(q). What is the greatest common factor of x and 198?
18
Let w be 25/9 + (-4)/(-18). Let k(m) = 9*m + w*m**3 - m**3 - 7*m**2 - 4*m. Let v be k(4). Calculate the highest common divisor of 24 and v.
12
Let f be (1 + 0 - -1)/1. Let r be (-2)/(-6)*0 + 83. Suppose -f*m - w = -r, -2*m + 21 + 77 = -2*w. Calculate the highest common factor of 4 and m.
4
Let q(t) = t - 6. Let b be q(14). What is the highest common factor of b and 20?
4
Suppose -295 - 209 = -3*d. Suppose -2*s + d = -2*m, -m - 39 = s - 115. Let r = -28 + 44. What is the highest common factor of r and s?
16
Let n = -63 + 133. What is the greatest common divisor of n and 10?
10
Let k = -6 - -14. What is the highest common factor of k and 12?
4
Let k be (-76)/(-2)*(1 - 3). Let a = 43 + k. Let d = 49 + a. Calculate the greatest common factor of 24 and d.
8
Let v be 22/(-1 + 5/3). Suppose 9 = -3*u + v. What is the greatest common factor of 4 and u?
4
Suppose -2*r - 3*g = g - 694, 0 = -3*r + g + 1069. Let i be 1/2 + (-